 - 4*p = 14. Calculate n(p).
8
Let f be 4/(-10) + 32/5. Let k(v) be the first derivative of v**4/4 - 7*v**3/3 + 4*v**2 - 6*v + 10. Determine k(f).
6
Let t(m) = -m**3 - 5*m**2 + 8*m + 5. Suppose 2*i - 30 = -42. What is t(i)?
-7
Suppose 3*s + 18 = 2*a, 5*s = -a + 3*a - 26. Let q(o) = -8*o - 24. Let y(b) = -b - 2. Let k(r) = q(r) - 10*y(r). Calculate k(a).
2
Let a(z) = -z**2 - 3*z - 4. Let m(r) = -1. Let w be (-14)/(-4 - -2)*-1. Let g be 44/w + 2/7. Let h(k) = g*m(k) + a(k). Give h(-3).
2
Suppose 0 = 4*r + 4*x + 2 - 42, 2*r - x = 5. Let y(s) = -s - 1. What is y(r)?
-6
Let t(z) = 2*z**3 - 13*z**2 + 16*z + 12. Let f(p) = p**3 - 7*p**2 + 8*p + 6. Let v(s) = -5*f(s) + 2*t(s). Determine v(8).
-6
Let o(w) = 0*w - w**2 + 3 + 5*w**2 - 5*w - w**3. Let y be 52/14 - 6/(-21). Suppose 0 = -b + y, 2*b + b = -p + 15. Determine o(p).
-3
Let r(t) = -t - 1. Let z be r(-1). Let y = z + -4. Let d(u) = -u**3 - 4*u**2 - 2*u - 6. What is d(y)?
2
Let n be 5/(-30) + (-14)/(-12). Let a(b) = n - 2*b + 7*b + 0*b + 8*b. What is a(-1)?
-12
Let y(m) = m**2 + 6*m + 2. Suppose -4*k + 3*t - 12 = 0, 4*k - 2*t - 3 + 15 = 0. Let h be (-2 - (-6)/k) + -2. Give y(h).
2
Let g be (4/12)/(1/3). Let q(k) = -12*k + g + 2*k - 3*k. Let j be ((2/1)/(-2))/(-1). Determine q(j).
-12
Let f(h) = -2*h - 6. Let a = 4 + -8. Determine f(a).
2
Suppose 4*d + 3 - 5 = 3*z, -4*d + 16 = 4*z. Let y(c) = -6*c - c**d - 5*c**2 + 2*c**2 - 7 + 5*c**2. Give y(6).
-7
Let z(o) = 4 - o + 5 - 3*o - 2. Let y(k) = -k. Let t(d) = 5*y(d) - z(d). What is t(0)?
-7
Let n be (-24)/(-9)*6/4. Let p(a) be the second derivative of 1/12*a**n + 0 - 3/20*a**5 + 2*a + 1/2*a**2 + 1/3*a**3. Calculate p(-1).
3
Let y(v) = -5 + 2*v**2 + v + 4*v - 3*v**2. Suppose 0 = -x + 4*z - 11 - 6, 9 = 3*x + 3*z. Let w be (-24)/(-4) + (x - 1). Determine y(w).
-1
Let z be 28/(-21)*6/(-4). Let b(f) = f**3 - 2*f**2 + f + 1. Determine b(z).
3
Let r(z) = z**2 + 5*z + 2. Let g(l) = 2*l**2 + 11*l + 5. Let w(v) = 3*g(v) - 5*r(v). What is w(-4)?
-11
Let f(k) = 11*k**2 - 11*k + 15. Let m(i) = 7*i**2 - 7*i + 10. Let n(j) = 5*f(j) - 8*m(j). Let c = 1 - 1. Determine n(c).
-5
Let b(r) = r**2 - 6*r - 1. Let m(w) = -2*w + 0 - 5 + 2 + 2. Let f(v) = v + 1. Let n(x) = -2*f(x) + m(x). Let j be n(-2). Determine b(j).
-6
Let i(y) be the first derivative of -2*y**2 - 3*y + 15. Determine i(-3).
9
Let u = -29 + 43. Let i be (6/21)/(2/u). Let b(q) = -q**2 + q - 1. Determine b(i).
-3
Let r be (-8)/(-12)*3/2. Let a(m) be the second derivative of -m**5/20 - m**3/6 + 3*m. Determine a(r).
-2
Let z(y) = -3*y - 5. Let q = 6 + -4. Let v = q - 6. Determine z(v).
7
Let y be (-3)/2*4/(-2). Let a(h) = 4*h**3 - 3*h**3 - 2*h**y - 5*h**2. Let b be 2/7 - 333/63. What is a(b)?
0
Let f(g) = -2*g**2 + 15*g - 7*g - 9*g - 4 + g**2. Give f(-3).
-10
Let u(s) = s - 9*s**2 - 9*s - 10 + 9*s**2 - s**3 - 8*s**2. What is u(-7)?
-3
Suppose 30 = 5*n + 10. Let t(f) = f**3 - 4*f**2 - f + 4. What is t(n)?
0
Let j(v) = 8*v**3 - 3*v - 3. Let a be j(-1). Let q(u) = -u**3 - 9*u**2 - 8*u + 3. Give q(a).
3
Let s(f) = -6*f**3 - 9*f**2 - 31*f + 21. Let x(l) = -l**3 - 2*l**2 - 6*l + 4. Suppose -12 = 5*j - 67. Let t(q) = j*x(q) - 2*s(q). Calculate t(5).
7
Let m(c) = 2*c**3 - 5*c**2 - 3*c + 9. Let u(t) = t**3 - 3*t**2 - t + 5. Let i(h) = -6*m(h) + 11*u(h). Calculate i(-5).
16
Let c(x) be the first derivative of -x**3/3 + 2*x + 8. Give c(-4).
-14
Let m(l) be the second derivative of -2*l - 1/20*l**5 + 2*l**2 + 1/2*l**4 + 0 - 7/6*l**3. Calculate m(5).
-6
Let v = -125 + 117. Let y(j) = -j - 8. Determine y(v).
0
Let q(v) = v**2 + 3*v + 3. Let r = -4 + -1. Let f = -5 + r. Let b be (8/(-10))/((-4)/f). Determine q(b).
1
Suppose p - 7 = -4. Let o(b) = -4 - b**p - 3*b + b + 4*b**2 + 0*b. Calculate o(3).
-1
Let w be 2/(1 + 0) - -1. Let m(t) = -2*t + 27 - 51 + 21. Determine m(w).
-9
Let y(b) = -4*b**3 + 2*b**2 - 3*b + 5. Let a(n) = 3*n**3 - 2*n**2 + 2*n - 4. Let q(i) = 3*a(i) + 2*y(i). Determine q(2).
-2
Suppose 25 = -4*x + 5. Let u(m) = -3*m**2 - 21*m - 11. Let r(f) = 2*f**2 + 14*f + 7. Let k(n) = -7*r(n) - 5*u(n). Calculate k(x).
-4
Suppose 4*z + 2*l = 18, 10 = 4*z + l - 5. Let y(r) = -2*r + z*r - 4 - 2*r - r. Calculate y(-4).
4
Let m(u) be the second derivative of 3*u**4/4 - u**3/3 + u**2/2 - 10*u. Determine m(1).
8
Let r be (48/60)/(2/(-5)). Let m(o) = o**3 - o**2 + 2*o + 2. Give m(r).
-14
Suppose 4*a = 3*b + 27, -4*a + 5*a - 5*b = 28. Let f(v) = -4*v**3 + 2 - 5*v - 7*v**2 + a*v**3 + 2. Give f(-6).
-2
Let r(c) be the first derivative of -c**5/30 - c**4/8 + c**2/2 + 2. Let w(m) be the second derivative of r(m). Let z(y) = -y - 4. Let a be z(-2). Give w(a).
-2
Let j(y) = -y**3 + 4*y**2 - 3*y - 3. Let g(d) = -d**2 - 5*d - 3. Let f be g(-2). Suppose 5*n = 2*w + 7, -2*w - 1 = -f*n - 0*w. Let r = n - 0. Calculate j(r).
-3
Let w(y) be the first derivative of 2*y - 1 + 1/6*y**3 - y**2 - 1/12*y**4. Let k(z) be the first derivative of w(z). What is k(0)?
-2
Let m = 23 - 11. Let u be 10/6 + 4/m. Let i(r) = -2*r**2 + 2*r**2 - r**u + 2. Give i(-2).
-2
Suppose 4*d = 3*l + 30, 4*l + 26 = 4*d + 3*l. Suppose -5*p + d = -4. Let x(h) be the first derivative of h**4/2 - h**3 + 2*h + 2. Determine x(p).
6
Let g(s) = s**2 + 3*s + 1. Suppose 3*h + 0*c - 21 = 3*c, -2*c = 4*h - 16. Let z = 5 - h. Let u be 2 - (z + 2 - -1). Calculate g(u).
-1
Let n(j) be the second derivative of 0 - 2*j**2 + 1/12*j**4 + 8*j + 1/6*j**3. Give n(-3).
2
Let t(y) = 0*y - 121 + 4*y - 3*y + 105. Give t(13).
-3
Let z(v) = 122*v**2 - 3*v - 4 - 5*v - 123*v**2. Determine z(-6).
8
Let q(d) = -d**3 - 6*d**2 + 6. Let s be q(-6). Let p be (0 - 2)*s/(-4). Let t(h) = -h + 7. Let w(u) = 1. Let r(c) = t(c) - 3*w(c). Give r(p).
1
Let a be (-2)/7 + (-26)/7. Let v(d) = -2*d - d**2 + 1 - 7 - 6 + 17. Determine v(a).
-3
Let a(t) = -t + 25. Let y(b) = b - 12. Let m(w) = 6*a(w) + 13*y(w). Let p(k) = -6*k + 5. Let z(x) = -4*m(x) - 5*p(x). Calculate z(-1).
-3
Let n(g) = -4*g + 5. Let f(a) = -4*a + 4. Let p(h) = 4*f(h) - 3*n(h). Give p(3).
-11
Let u(f) = -f**3 - 6*f**2 + 3*f + 2. Let q = 6 + -4. Let k(z) = 6*z**3 - 6*z**3 + 9 - 31*z**2 + 15*z - 6*z**3. Let w(b) = q*k(b) - 11*u(b). What is w(3)?
-4
Let a(c) = -c**3 - 2*c**2 + 2*c. Suppose -3*y + 0 + 6 = 0. Suppose -3*q = 2*k + 9, 8 = -3*k - q + y*q. Give a(k).
3
Let o(y) = -10*y. Suppose -26 = 5*p - 5*i - 11, -i + 5 = p. Calculate o(p).
-10
Let w(o) = 3*o - 2. Let t(k) = -k**3 - 9*k**2 - 8*k - 1. Let a be t(-8). Let d = a - -3. Give w(d).
4
Let h be (-1)/(1*(-2)/(-6)). Let a be (-2 - h/3)*-2. Suppose -b - a*g + 7 = 0, 3*b + 0*b - 3*g - 12 = 0. Let c(y) = -y**3 + 4*y**2 + 5*y + 4. Give c(b).
4
Let q(z) = -z**3 - 7*z**2 - 5*z + 1. Suppose 3*x + 18 = -0*x. Determine q(x).
-5
Suppose 11*d = 7*d + 8. Let u(j) = -j**d - j + 1 + 1 - 6*j + j. What is u(-6)?
2
Suppose 0*j - 5*j = 20. Let d(g) = -g**2 - 6*g - 2. Give d(j).
6
Let x = 27 - 24. Let b(m) = -4*m + 1. Give b(x).
-11
Let b(f) be the third derivative of -f**5/20 - f**4/12 + f**3/3 - 2*f**2. Determine b(-2).
-6
Let x(o) = o**3 - 6*o**2 + 7*o - 3. Suppose -5*d + 5*i = -5, -d - 6*i + 4*i = -4. Let q = d - -1. Suppose 0 = -2*a + q*a - 5. Calculate x(a).
7
Suppose -4*l + 0*l = 20. Let s = 28 + -20. Let o = l + s. Let g(b) = -b. Calculate g(o).
-3
Let k = 4 + -10. Suppose -4*n - 5*g = -2, -g + 7 = -0*n + 3*n. Let v(r) = 2 + 7 - n + 2*r. Determine v(k).
-6
Let c(v) = v**2 - 6*v + 6. Suppose -o - 4*o = -25. Determine c(o).
1
Suppose 1 = n - 0. Let d be -2*(1 - (-3)/(-2)). Let v(a) = -d + 1 - 3*a. Give v(n).
-3
Let r(g) = 19*g - 3. Let i be r(-3). Let q be 4/(-6) + i/(-9). Let u(k) = k**2 - 6*k - 4. What is u(q)?
-4
Let s(j) = -j - 4. Suppose -2*i = -3*z + i - 12, 5*z + 3*i = -52. What is s(z)?
4
Let m(j) = -j + 4. Let l be m(6). Let d(w) be the third derivative of 2*w**2 + 0*w + 0 + 1/8*w**4 + 1/60*w**5 + 0*w**3. Calculate d(l).
-2
Let a(t) be the second derivative of -3/2*t**2 + 5/12*t**4 + 0 - 1/20*t**5 - 2/3*t**3 - 5*t. Determine a(4).
-3
Let v(w) be the third derivative of -w**6/360 + w**5/60 + w**4/24 + 2*w**2. Let p(t) be the second derivative of v(t). Let x = -7 + 4. What is p(x)?
8
Suppose 4*j + 1 = 21. Suppose -5*d - j = -5*s, -d - 6 = 2*d. Let z(o) = 7*o**3 - 2*o**2 - o. Determine z(s).
-8
Suppose -3*m + 8*m - 25 = 0. Suppose 9 = -m*s + 24. Let k(t) be the first derivative of t**3/3 - t**2/2 - 1. 